5. Is y(2) composite?
True
Is -7 - 138/(-18) - (46264/(-3) - -1) a composite number?
True
Let f = -140313 + 199664. Is f a composite number?
False
Let p = 69 + -57. Let s(f) = 7*f**2 - 28*f - 23. Is s(p) composite?
True
Let f be (-17)/((-18)/6 + (-976)/(-326)). Let x = 4672 - f. Is x a prime number?
True
Suppose 135*p + 10931 = 136*p - 15156. Is p a prime number?
False
Let w(c) = -53*c - 153. Suppose -2*g + 4*k - 28 = 0, g + 4*k + 92 = -3*g. Is w(g) a composite number?
False
Suppose 9*o - 30 - 15 = 0. Suppose o*p = 41 - 21. Is (26/p)/((-2)/(-404)) prime?
False
Let o be 4 + (-13)/3 - (-39567)/9. Suppose 15 = 3*v, 2*s + 5*v = 7*v + o. Is s a composite number?
False
Let b(z) be the second derivative of z**4/12 + 28*z**3/3 - 29*z**2 - 121*z. Is b(35) a prime number?
False
Suppose 4*a + 4709 = -2*s + 781, -3*s - 2*a = 5904. Let l = -811 - s. Is l prime?
False
Let q be ((-100)/2)/(6/(-3)). Suppose 22 = -5*b + 3*b - 4*j, 0 = 5*b - 5*j + q. Is (-2 - -1008)*1/(-2)*b a prime number?
False
Suppose -3 = 107*p - 106*p. Let x(b) = -19*b**3 - 3*b**2 + 3*b + 5. Let f be x(p). Let w = 1019 - f. Is w a composite number?
True
Suppose 9*q + 7579 - 19387 = 0. Let r be (-8354)/(-6) - (-4)/6. Let g = r + q. Is g a composite number?
True
Suppose -95*t - 94*t + 196*t = 995393. Is t a composite number?
True
Let l(g) = -71*g. Let v be l(-1). Let x = v + -69. Suppose 2 = p, 3145 = 3*s - x*p + 596. Is s a composite number?
True
Let w = 64 + -57. Let c be (-535)/(-1) - (w + -5 - 5). Suppose 0*n + 1614 = 3*d + 5*n, 3*n = -d + c. Is d composite?
True
Suppose -2*a = i - 23990 - 34631, -3*a = 5*i - 87914. Let x = -16064 + a. Is x a prime number?
True
Let q be 10/(-15) - 88/(-6)*550. Is (1 + -3)*5/((-20)/q) a composite number?
True
Let b = 98 + -46. Suppose 0 = 2*n - b + 38. Let z(m) = 90*m - 17. Is z(n) composite?
False
Let g be 0/5 - 3/3*-3. Let r be (44/10 - (g - -1))*-2830. Let x = r + 2391. Is x a composite number?
False
Let r(i) = 8660*i**2 - 109*i + 108. Is r(1) prime?
False
Suppose 8*m - 3090 = 430. Let a = 111 + m. Is a a prime number?
False
Suppose 3*c - 9991 = 5*g, 3*c + g - 9956 = -g. Suppose -c - 1164 = -2*p. Is p composite?
False
Let o(s) = -15*s**3 - 13*s**2 - 26*s + 17. Is o(-14) prime?
True
Let o = 40 + -36. Suppose -o*b - 20 + 60 = 0. Suppose 32 = 6*s - b. Is s a composite number?
False
Let m = 553 - 552. Let t(a) = 573*a**3 + 2*a**2 - 3*a + 1. Is t(m) a composite number?
True
Suppose -233 = 10*d + 47. Is (1115 + d)*(0 - -2)/2 a composite number?
False
Suppose -4919639 = -32*t - 1100151. Is t a composite number?
False
Suppose 130*q = 735716 + 1278374. Is q a prime number?
True
Let c(m) = -m**3 - 14*m**2 - 33*m - 7. Let g be c(-11). Let t(p) = 274*p**2 - 3*p - 4. Is t(g) prime?
False
Suppose 1032503 = 182*s - 141*s. Is s composite?
False
Suppose -f + 3*x + 53 + 10 = 0, -2*f - 4*x = -126. Let t = f + -9. Let k = t + -17. Is k prime?
True
Let h = 49760 + 54027. Is h a composite number?
False
Let q = 350299 + -242858. Is q a composite number?
False
Let j be (21 - 25) + 10/2 + 349892. Suppose -13*d = 14*d - j. Is d prime?
True
Let a(o) = o**3 - 27*o**2 + 26*o + 10. Let x be (4 - -35)/(-2 - 7/(-2)). Let c be a(x). Is (c/50)/(2/15970) prime?
True
Let g(b) = 3681*b**2 - 25*b - 35. Is g(-3) prime?
False
Suppose -32817 - 286872 = -0*q - 3*q. Is q prime?
False
Let z = -38 - -37. Suppose 2*t = 7*t + 5. Is t - (209 - 3)*z prime?
False
Suppose -4*u - 9*j + 49856 = -4*j, 8*j - 37375 = -3*u. Is u a composite number?
True
Let n be 0 - 56*2/2. Suppose 3*a = 96 - 513. Let z = n - a. Is z a composite number?
False
Let q(u) = -1550*u + 89. Let m be q(-10). Suppose 0 = 2*z + 5*z - m. Is z a prime number?
False
Let w be 0/((2 - 1)*(1 - 2)). Suppose w = f - 64 + 56. Suppose 0 = f*g - 19238 - 11234. Is g a prime number?
False
Let u = -269 + 1646. Let w = u + 2410. Is w composite?
True
Let r be -5 + 2 + (-5 - -10) + 2. Suppose -4*i - 2*j + 10536 = 0, 4900 = 3*i + r*j - 3007. Is i a prime number?
True
Suppose -d - 3*c + 0*c - 70 = 0, -3*d - 190 = 5*c. Let w = d + 56. Is (1 + 4695/10)/(w/2) prime?
True
Suppose -31*k + 25 = -26*k. Suppose -r = -k*v + 13 + 4, -r = 3*v - 15. Is 641/(3/v + 17/68) composite?
False
Suppose -h = -4*t - 18334 + 145918, -31907 = -t + 3*h. Is t a composite number?
True
Let w(t) = 560*t - 127. Let j(o) = -o**2 - 40*o - 32. Let x be j(-39). Is w(x) a composite number?
False
Is (23/(-21) + 40/420)*(-8 - 244521) a composite number?
False
Suppose 2*u = 0, w - 5*u - 383363 - 415454 - 164544 = 0. Is w prime?
False
Suppose 4358775 = 12*m + 63*m. Is m composite?
True
Let t = -428 - -428. Suppose -5*g + 960 = 4*q - 14237, t = 5*q + 3*g - 18980. Is q a composite number?
False
Let a(q) = -q**3 + 26*q**2 - 23*q - 53. Let p be a(25). Is 62120/3 + 1 + 2/p a prime number?
True
Is 1909/(-276)*-1526 + (-2)/12*-1 prime?
False
Suppose -4*k = 4*x - 1748688, -2*x - x + k = -1311544. Is x a composite number?
True
Let j = -50541 - -104234. Is j prime?
True
Suppose -463932 = -38*t + 31*t. Suppose 0 = -23*r + t + 17513. Is r prime?
True
Let f(b) = 15*b**3 + 52*b**2 - 3*b - 52. Let z(k) = -7*k**3 - 26*k**2 + 2*k + 26. Let o(m) = 3*f(m) + 7*z(m). Is o(-11) a composite number?
True
Suppose 5*f - 51 = -4*c - 6, 5 = 4*c - 3*f. Suppose -i = -c*i - 8. Is (i/3)/((-8)/6252) a prime number?
True
Let s = 24 - 14. Let u be (-17 - -1)*-1*40/(-80). Is 2/((u/s)/(-71 + -3)) composite?
True
Suppose -63*y + 3183916 = -18037344 - 2926073. Is y composite?
False
Is 123834/1*24/144 composite?
False
Let w = 60 + -56. Let m(h) = -h**3 + 4*h**2 - 4*h + 15. Let d be m(w). Is 1 - (d - 807)*1 prime?
True
Suppose 79*o + 135 = -102. Suppose 2*p = 4*p. Is (2/o + p)/((-68)/128418) prime?
True
Suppose 232785 = 3*d + 13*g - 10*g, 4*d + 3*g - 310376 = 0. Is d composite?
False
Let j = 272 - 269. Suppose -j*c + 3*u = 8*u - 16998, 5686 = c - 5*u. Is c prime?
False
Let m(r) = -149*r + 230. Suppose -165 = 251*j - 246*j. Is m(j) composite?
False
Let a(l) = -l**3 + 41*l**2 + 22*l + 277. Is a(-24) a prime number?
True
Suppose -i = 3*w - 37205, 3*i - 4*w - 28972 = 82695. Is i a composite number?
False
Suppose -2*m - 22 = t + 100, 498 = -4*t + 2*m. Is 7 + 31/(t/(-23400)) prime?
True
Suppose 5*w - n - 1152708 = 0, 4*w = -3*n - 12164 + 934357. Is w a prime number?
False
Let d(n) = 2*n - 19. Let y be d(3). Let o(k) = -1598*k - 93. Is o(y) composite?
False
Suppose 5*r = 4*u + 3*r - 55908, 0 = -4*u - 4*r + 55896. Suppose u = -0*t + 4*t. Is t composite?
True
Let a = 547952 + 9889. Is a a prime number?
False
Suppose 2*i = 3*i - 2593. Suppose 498*m - 16522 = 509*m. Let b = m + i. Is b a prime number?
True
Suppose -o - 562457 = -4*j, -o - 281233 = -2*j + 4*o. Suppose j = 11*l + 29151. Is l a prime number?
True
Suppose -17*b - 18 + 443 = 0. Suppose 0 = -b*n + 233183 - 50233. Is n composite?
True
Let z(t) = 43436*t**2 - 110*t + 229. Is z(2) a prime number?
False
Is (-117895)/(-15) - -1 - 26/(-78) prime?
False
Let s = 430118 - -1810071. Is s prime?
False
Suppose -7*m = 4*w - 2*m - 41, 3*m = w - 6. Let i = 5 - w. Is -3 + 4/i - -225 a prime number?
False
Let c(j) = 68*j**2 - 24*j - 60. Let i be c(-26). Suppose -172907 = -15*p - i. Let v = p - 3486. Is v a composite number?
True
Is ((-2)/3)/((-8)/3027144) + -3 a prime number?
False
Let x(w) = 14*w - 61. Let q be x(4). Is (1 - 252)*9/45*q composite?
False
Is 135241*(-18 + (6 - -17)) prime?
False
Suppose 0*a = -3*a. Let f be a - 97 - (-9 + 10). Let t = 1755 + f. Is t composite?
False
Let p(a) = 3*a**3 - 5*a**2 - 19*a + 69. Let r be p(3). Suppose r*i = 54*i - 91302. Is i composite?
False
Let f(o) = -112660*o + 569. Is f(-2) a prime number?
True
Let f = -75 + -15. Let j = 323 - f. Is j prime?
False
Let h = 2069 + -1458. Suppose 21608 = 9*i + h. Is i composite?
False
Let p(t) = 10850*t**2 - 1. Let u be p(-1). Suppose 4*s + 2*k + u = -s, 5*k = -s - 2156. Let c = 4986 + s. Is c a prime number?
False
Let q = 159 + -156. Suppose q*o - 781 = 8510. Is o a prime number?
False
Let r = -378923 - -599944. Is r a composite number?
False
Suppose -70 = -6*u - u. Suppose 6*s - u*s + 4512 = 0. Suppose 2*t + 1132 = 2*a, 2*a + t = -t + s. Is a prime?
False
Let v(b) be the second derivative of -23/2*b**2 + 0 + 7/3*b**3 + 13*b + 1/2*b**4. Is v(12) a composite number?
False
Let w be -3*((-28)/(-6) - 0). Let o(x) = -38